ghest common divisor of 2097 and 23662781.
233
Calculate the highest common divisor of 517920 and 1532512.
2656
What is the highest common factor of 383019 and 324337?
793
What is the greatest common divisor of 12417282 and 5490?
1098
What is the highest common divisor of 365970 and 2365?
55
What is the highest common divisor of 5302108 and 973?
7
Calculate the greatest common divisor of 1183667 and 2701.
37
What is the greatest common divisor of 172925 and 4050?
25
What is the greatest common factor of 235355 and 1583505?
2285
Calculate the highest common factor of 33750 and 63450.
1350
What is the greatest common divisor of 61149 and 479655?
561
What is the highest common divisor of 164 and 627259?
41
What is the highest common divisor of 71097 and 33355431?
5469
What is the highest common factor of 289677 and 810576?
1299
Calculate the highest common factor of 91 and 43846491.
13
Calculate the highest common factor of 401299 and 66063.
19
What is the greatest common factor of 68693383 and 1251?
139
Calculate the greatest common factor of 1829217 and 71823.
267
Calculate the highest common factor of 1411900 and 2380.
140
Calculate the highest common factor of 662715 and 45918.
9
What is the highest common factor of 12103 and 41002?
247
What is the highest common factor of 431 and 5475?
1
What is the greatest common factor of 3094 and 19640166?
182
Calculate the highest common factor of 14180466 and 1461.
1461
What is the greatest common factor of 16848 and 39724?
4
What is the greatest common factor of 26979094 and 7842?
2614
What is the highest common factor of 8372 and 125190104?
1196
Calculate the greatest common factor of 22012189 and 57130.
5713
Calculate the highest common factor of 49096 and 44847904.
2584
Calculate the highest common divisor of 133629045 and 4059.
1353
Calculate the highest common divisor of 3576297730 and 10.
10
Calculate the greatest common divisor of 1620 and 547587540.
1620
What is the greatest common factor of 3854536 and 116326?
98
What is the greatest common divisor of 4592 and 1674915928?
2296
Calculate the greatest common divisor of 588 and 4100628.
84
What is the highest common factor of 5828229 and 6732?
1683
Calculate the greatest common divisor of 2291720 and 84600.
1880
What is the highest common divisor of 10 and 1699520?
10
Calculate the highest common divisor of 42237398 and 406.
406
Calculate the highest common factor of 4967 and 7673.
1
Calculate the highest common divisor of 6483816 and 72.
72
What is the highest common factor of 4002252 and 160752?
2364
Calculate the greatest common factor of 18 and 2163358.
2
What is the greatest common factor of 3145 and 875124?
37
What is the greatest common divisor of 125 and 344270500?
125
Calculate the greatest common factor of 302 and 2917622.
302
What is the highest common factor of 3625520 and 880?
80
Calculate the highest common factor of 12752 and 231130.
1594
Calculate the highest common factor of 582471 and 67868.
47
What is the greatest common divisor of 20377 and 131159?
287
Calculate the highest common factor of 84 and 984019449.
21
What is the greatest common divisor of 57117366 and 108?
54
What is the highest common factor of 550584 and 2488?
8
What is the highest common divisor of 82312200 and 567?
81
Calculate the highest common factor of 5333832 and 24.
24
What is the greatest common factor of 9408 and 48534402?
294
Calculate the highest common factor of 656 and 1744304.
656
Calculate the greatest common divisor of 260 and 263956460.
20
Calculate the greatest common factor of 22736565 and 8505.
135
Calculate the highest common divisor of 2348240 and 534910.
1490
What is the highest common divisor of 27 and 91473021?
9
What is the highest common factor of 3198039 and 17329?
559
Calculate the greatest common divisor of 80 and 85646480.
80
Calculate the greatest common factor of 5873 and 194296459.
5873
What is the greatest common divisor of 547 and 7092949?
547
What is the highest common divisor of 105401088 and 4048?
368
Calculate the highest common factor of 287995787 and 19.
19
Calculate the highest common divisor of 536 and 1362632.
8
What is the highest common factor of 8610 and 28370?
10
Calculate the highest common divisor of 554306 and 602794.
1102
Calculate the greatest common factor of 17676450 and 1200.
150
What is the highest common factor of 148739 and 7257?
59
Calculate the highest common factor of 9822801 and 4596.
1149
Calculate the greatest common factor of 241024 and 2145584.
112
Calculate the greatest common factor of 300511671 and 9948.
2487
Calculate the highest common divisor of 55136 and 19040.
32
What is the highest common divisor of 345 and 221674345?
115
Calculate the greatest common factor of 386484479 and 23.
23
What is the highest common divisor of 1364 and 141988?
44
What is the highest common factor of 58469 and 4927149?
59
What is the greatest common divisor of 25661350 and 165?
55
Calculate the highest common factor of 6055221 and 6.
3
Calculate the highest common factor of 264055583 and 77.
11
Calculate the greatest common factor of 114932121 and 8721.
969
Calculate the highest common divisor of 7461 and 2157639129.
7461
What is the greatest common divisor of 168306 and 11226?
6
What is the greatest common factor of 412 and 1684?
4
Calculate the greatest common divisor of 5262 and 99012.
6
What is the highest common factor of 28 and 86041466?
14
What is the highest common factor of 3906 and 234268209?
1953
What is the highest common factor of 1004 and 861988?
4
Calculate the greatest common divisor of 22155 and 5103.
21
What is the greatest common divisor of 2130578 and 146?
146
Calculate the greatest common factor of 2980085 and 30.
5
What is the greatest common factor of 5047 and 247921?
103
What is the highest common divisor of 63591 and 692310?
141
Calculate the greatest common divisor of 641 and 33122393.
641
Calculate the highest common factor of 68142 and 19513542.
1662
What is the greatest common divisor of 1606918 and 3258?
362
Calculate the highest common factor of 396998144 and 13415.
2683
Calculate the greatest common factor of 11368 and 746228.
812
Calculate the highest common factor of 6 and 26555764.
2
What is the greatest common divisor of 30478 and 197414714?
4354
Calculate the highest common factor of 18095 and 93481355.
2585
What is the greatest common divisor of 28 and 503636?
28
What is the highest common factor of 345 and 31372980?
15
What is the greatest common divisor of 520169918 and 1263?
421
Calculate the highest common factor of 25 and 1135665125.
25
What is the highest common divisor of 23753382 and 19?
19
Calculate the highest common divisor of 4162 and 295838.
2
Calculate the highest common factor of 15301521 and 81.
27
What is the highest common factor of 2198 and 174304697?
1099
What is the highest common factor of 138808472 and 1892?
1892
Calculate the greatest common divisor of 995 and 383805.
5
What is the highest common factor of 33591879 and 1395?
279
Calculate the highest common factor of 3850 and 3522211.
77
What is the highest common divisor of 39 and 35370283?
13
What is the greatest common factor of 37035 and 51400465?
4115
Calculate the greatest common divisor of 275 and 90119425.
275
What is the greatest common factor of 798 and 1583302?
14
Calculate the highest common factor of 9104641 and 10829.
637
What is the greatest common divisor of 33098 and 1541?
67
What is the greatest common factor of 18 and 77299806?
6
Calculate the highest common factor of 441 and 9681021.
63
Calculate the highest common factor of 60 and 37327890.
30
What is the greatest common factor of 8154423 and 28656?
1791
What is the greatest common factor of 14820101 and 857?
857
Calculate the greatest common factor of 1486198 and 350446.
2558
What is the greatest common factor of 268040 and 3760?
40
Calculate the greatest common divisor of 114292269 and 1629.
1629
What is the greatest common factor of 164 and 190648?
4
What is the greatest common factor of 8470 and 1459430?
70
What is the greatest common divisor of 2 and 72385438?
2
Calculate the highest common divisor of 423864 and 1777860.
252
What is the highest common factor of 1531767750 and 25?
25
What is the greatest common divisor of